{"id":862,"date":"2018-07-03T13:36:53","date_gmt":"2018-07-03T16:36:53","guid":{"rendered":"https:\/\/iescolombia-sal.infd.edu.ar\/sitio\/plan-de-estudios-5\/"},"modified":"2024-10-21T19:36:43","modified_gmt":"2024-10-21T22:36:43","slug":"plan-de-estudios-5","status":"publish","type":"page","link":"https:\/\/iescolombia-sal.infd.edu.ar\/sitio\/plan-de-estudios-5\/","title":{"rendered":"Profesorado de Educaci\u00f3n Primaria-PEP- 4 a\u00f1os-"},"content":{"rendered":"\n<figure class=\"wp-block-image size-full is-resized\"><img decoding=\"async\" loading=\"lazy\" src=\"https:\/\/iescolombia-sal.infd.edu.ar\/sitio\/wp-content\/uploads\/2024\/10\/PEP.png\" alt=\"\" class=\"wp-image-1800\" width=\"308\" height=\"173\"\/><\/figure>\n\n\n<p>MODALIDAD: Presencial\u00a0<\/p>\n<p>Plan de estudios en el siguiente enlace\u00a0 <a href=\"https:\/\/drive.google.com\/file\/d\/1EiffigCcle-6gHtRZ1G7YmqEx-mJydc5\/view?usp=sharing\"><span style=\"color: #ff0000;\">Prof de Educaci\u00f3n Primaria<\/span><\/a><\/p>\n<p>R\u00e9gimen de correlatividades: <a href=\"https:\/\/drive.google.com\/file\/d\/1jKSAgEQ2TmHNXjctSmJXX-6_L1qIqElT\/view?usp=sharing\">Prof de Educaci\u00f3n Primaria\u00a0<\/a><\/p>\n<p>\u00a0<\/p>","protected":false},"excerpt":{"rendered":"<p>MODALIDAD: Presencial\u00a0 Plan de estudios en el siguiente enlace\u00a0 Prof de Educaci\u00f3n Primaria R\u00e9gimen de correlatividades: Prof de Educaci\u00f3n Primaria\u00a0 \u00a0<\/p>\n","protected":false},"author":78,"featured_media":0,"parent":0,"menu_order":0,"comment_status":"closed","ping_status":"closed","template":"","meta":[],"acf":[],"_links":{"self":[{"href":"https:\/\/iescolombia-sal.infd.edu.ar\/sitio\/wp-json\/wp\/v2\/pages\/862"}],"collection":[{"href":"https:\/\/iescolombia-sal.infd.edu.ar\/sitio\/wp-json\/wp\/v2\/pages"}],"about":[{"href":"https:\/\/iescolombia-sal.infd.edu.ar\/sitio\/wp-json\/wp\/v2\/types\/page"}],"author":[{"embeddable":true,"href":"https:\/\/iescolombia-sal.infd.edu.ar\/sitio\/wp-json\/wp\/v2\/users\/78"}],"replies":[{"embeddable":true,"href":"https:\/\/iescolombia-sal.infd.edu.ar\/sitio\/wp-json\/wp\/v2\/comments?post=862"}],"version-history":[{"count":5,"href":"https:\/\/iescolombia-sal.infd.edu.ar\/sitio\/wp-json\/wp\/v2\/pages\/862\/revisions"}],"predecessor-version":[{"id":1890,"href":"https:\/\/iescolombia-sal.infd.edu.ar\/sitio\/wp-json\/wp\/v2\/pages\/862\/revisions\/1890"}],"wp:attachment":[{"href":"https:\/\/iescolombia-sal.infd.edu.ar\/sitio\/wp-json\/wp\/v2\/media?parent=862"}],"curies":[{"name":"wp","href":"https:\/\/api.w.org\/{rel}","templated":true}]}}