{"id":798,"date":"2018-07-03T13:36:24","date_gmt":"2018-07-03T16:36:24","guid":{"rendered":"https:\/\/iescolombia-sal.infd.edu.ar\/sitio\/autoridades\/"},"modified":"2022-12-09T22:00:59","modified_gmt":"2022-12-10T01:00:59","slug":"autoridades","status":"publish","type":"page","link":"https:\/\/iescolombia-sal.infd.edu.ar\/sitio\/autoridades\/","title":{"rendered":"Autoridades -Administrativos-Coordinadores"},"content":{"rendered":"<p style=\"text-align: left;\">Autoridades del Instituto<\/p>\n<p><img decoding=\"async\" loading=\"lazy\" class=\"alignnone  wp-image-1284\" src=\"https:\/\/iescolombia-sal.infd.edu.ar\/sitio\/wp-content\/uploads\/2022\/02\/WhatsApp-Image-2022-02-15-at-21.20.26.jpeg\" alt=\"\" width=\"120\" height=\"120\" srcset=\"https:\/\/iescolombia-sal.infd.edu.ar\/sitio\/wp-content\/uploads\/2022\/02\/WhatsApp-Image-2022-02-15-at-21.20.26.jpeg 720w, https:\/\/iescolombia-sal.infd.edu.ar\/sitio\/wp-content\/uploads\/2022\/02\/WhatsApp-Image-2022-02-15-at-21.20.26-500x500.jpeg 500w\" sizes=\"(max-width: 120px) 100vw, 120px\" \/><\/p>\n<p><span style=\"font-family: arial,helvetica,sans-serif; font-size: 14pt;\"><strong><span style=\"font-family: arial, helvetica, sans-serif;\"><span style=\"font-size: 15.5556px;\">Rector:<\/span><\/span><\/strong><sub style=\"font-family: arial, helvetica, sans-serif; font-size: 14pt;\"><strong>\u00a0Prof. &#8211; Lic. Pablo Sergio Dinoto<\/strong><\/sub><\/span><span style=\"font-family: arial,helvetica,sans-serif; font-size: 14pt;\"><sub>\u00a0\u00a0\u00a0\u00a0\u00a0\u00a0\u00a0\u00a0\u00a0\u00a0\u00a0\u00a0\u00a0\u00a0\u00a0\u00a0\u00a0\u00a0\u00a0\u00a0\u00a0\u00a0\u00a0<\/sub><\/span><\/p>\n<p>_______________________________________<\/p>\n<p>Secretario\/a: <em><b>Prof. Oscar Heredia \/ Prof. Roc\u00edo Gil<\/b><\/em><\/p>\n<p>RTI: Eduardo Cuadrado.<\/p>\n<p>Coordinador CIPE: <em><strong>Prof. Pedro Fern\u00e1ndez<\/strong><\/em><\/p>\n<p>Ayudante de Obs. y Pr\u00e1ctica:\u00a0\u00a0<em><strong>Prof. Ferm\u00edn Adri\u00e1n Lizarraga<\/strong><\/em><\/p>\n<p>Preceptores:\u00a0 \u00a0<em><b>Sebasti\u00e1n Dinoto &#8211; Eduardo Cuadrado &#8211; C\u00e9sar Vel\u00e1rdez<\/b><\/em><\/p>\n<p>_______________________________________<\/p>\n<h2><em><strong><span style=\"color: #800000; font-size: 14pt; text-decoration: underline;\"><span style=\"font-family: arial,helvetica,sans-serif;\"><sub>COORDINADORES DE CARRERA<\/sub><\/span><\/span><\/strong><\/em><\/h2>\n<p>Profesorado de\u00a0Qu\u00edmica:<em><strong> Lic. Facundo Bernacki<\/strong><\/em><\/p>\n<p>Profesorado en Educaci\u00f3n Primaria: <strong><em>Prof. M\u00f3nica Lena<\/em><\/strong><\/p>\n<p>Profesorado en\u00a0Geograf\u00eda: <i><b>Prof. Agust\u00edn\u00a0Machuca<\/b><\/i><\/p>\n<p>Profesorado en Danza: <strong><em>Prof. Rosario Caro<\/em><\/strong><\/p>\n","protected":false},"excerpt":{"rendered":"<p>Autoridades del Instituto Rector:\u00a0Prof. &#8211; Lic. Pablo Sergio Dinoto\u00a0\u00a0\u00a0\u00a0\u00a0\u00a0\u00a0\u00a0\u00a0\u00a0\u00a0\u00a0\u00a0\u00a0\u00a0\u00a0\u00a0\u00a0\u00a0\u00a0\u00a0\u00a0\u00a0 _______________________________________ Secretario\/a: Prof. Oscar Heredia \/ Prof. Roc\u00edo Gil RTI: Eduardo Cuadrado. Coordinador CIPE: Prof. Pedro Fern\u00e1ndez Ayudante de Obs. y Pr\u00e1ctica:\u00a0\u00a0Prof. Ferm\u00edn Adri\u00e1n Lizarraga Preceptores:\u00a0 \u00a0Sebasti\u00e1n Dinoto &#8211; Eduardo Cuadrado &#8211; C\u00e9sar Vel\u00e1rdez _______________________________________ COORDINADORES DE CARRERA Profesorado de\u00a0Qu\u00edmica: Lic. Facundo Bernacki Profesorado en Educaci\u00f3n &#8230; <a title=\"Autoridades -Administrativos-Coordinadores\" class=\"read-more\" href=\"https:\/\/iescolombia-sal.infd.edu.ar\/sitio\/autoridades\/\" aria-label=\"More on Autoridades -Administrativos-Coordinadores\">[+]<\/a><\/p>\n","protected":false},"author":78,"featured_media":0,"parent":0,"menu_order":0,"comment_status":"closed","ping_status":"closed","template":"","meta":[],"acf":[],"_links":{"self":[{"href":"https:\/\/iescolombia-sal.infd.edu.ar\/sitio\/wp-json\/wp\/v2\/pages\/798"}],"collection":[{"href":"https:\/\/iescolombia-sal.infd.edu.ar\/sitio\/wp-json\/wp\/v2\/pages"}],"about":[{"href":"https:\/\/iescolombia-sal.infd.edu.ar\/sitio\/wp-json\/wp\/v2\/types\/page"}],"author":[{"embeddable":true,"href":"https:\/\/iescolombia-sal.infd.edu.ar\/sitio\/wp-json\/wp\/v2\/users\/78"}],"replies":[{"embeddable":true,"href":"https:\/\/iescolombia-sal.infd.edu.ar\/sitio\/wp-json\/wp\/v2\/comments?post=798"}],"version-history":[{"count":9,"href":"https:\/\/iescolombia-sal.infd.edu.ar\/sitio\/wp-json\/wp\/v2\/pages\/798\/revisions"}],"predecessor-version":[{"id":1458,"href":"https:\/\/iescolombia-sal.infd.edu.ar\/sitio\/wp-json\/wp\/v2\/pages\/798\/revisions\/1458"}],"wp:attachment":[{"href":"https:\/\/iescolombia-sal.infd.edu.ar\/sitio\/wp-json\/wp\/v2\/media?parent=798"}],"curies":[{"name":"wp","href":"https:\/\/api.w.org\/{rel}","templated":true}]}}