{"id":286,"date":"2016-10-31T13:17:59","date_gmt":"2016-10-31T16:17:59","guid":{"rendered":"https:\/\/iescolombia-sal.infd.edu.ar\/sitio\/?page_id=286"},"modified":"2024-10-21T15:11:19","modified_gmt":"2024-10-21T18:11:19","slug":"inicio","status":"publish","type":"page","link":"https:\/\/iescolombia-sal.infd.edu.ar\/sitio\/","title":{"rendered":"Inicio"},"content":{"rendered":"<h2>\u00a0 \u00a0 \u00a0 \u00a0 \u00a0 \u00a0 \u00a0 \u00a0 \u00a0 \u00a0 \u00a0 \u00a0 \u00a0 \u00a0 \u00a0 \u00a0 \u00a0 <strong>\u00a0 Instituto de Educaci\u00f3n Superior N\u00ba6.024<\/strong><\/h2>\n<h2 style=\"text-align: center;\"><strong>\u00a0\u201cESCUELA NORMAL SUPERIOR REP\u00daBLICA DE COLOMBIA\u201d<\/strong><\/h2>\n<h2 style=\"text-align: center;\"><span data-mce-mark=\"1\"><strong>\u00a0 \u00a0 Rosario de la Frontera &#8211; Salta &#8211; Argentina<\/strong><\/span><\/h2>\n<p><img decoding=\"async\" loading=\"lazy\" class=\"size-full wp-image-986 aligncenter\" src=\"https:\/\/iescolombia-sal.infd.edu.ar\/sitio\/wp-content\/uploads\/2019\/12\/FOTOPORTADA.jpg\" alt=\"\" width=\"724\" height=\"335\" \/><\/p>\n<p style=\"text-align: center;\">__________________________________________________________________________________________<\/p>\n<p>&nbsp;<\/p>\n<div style=\"width: 512px;\" class=\"wp-video\"><!--[if lt IE 9]><script>document.createElement('video');<\/script><![endif]-->\n<video class=\"wp-video-shortcode\" id=\"video-286-1\" width=\"512\" height=\"288\" preload=\"metadata\" controls=\"controls\"><source type=\"video\/mp4\" src=\"https:\/\/iescolombia-sal.infd.edu.ar\/sitio\/wp-content\/uploads\/2024\/10\/video-comprimido-ies-6024.mp4?_=1\" \/><a href=\"https:\/\/iescolombia-sal.infd.edu.ar\/sitio\/wp-content\/uploads\/2024\/10\/video-comprimido-ies-6024.mp4\">https:\/\/iescolombia-sal.infd.edu.ar\/sitio\/wp-content\/uploads\/2024\/10\/video-comprimido-ies-6024.mp4<\/a><\/video><\/div>\n<p>&nbsp;<\/p>\n<p style=\"text-align: left;\">Bienvenidos a nuestro sitio Web aqu\u00ed encontraras las ofertas educativas que nuestro instituto tiene, tambi\u00e9n pod\u00e9s visitarnos en nuestro establecimiento de 19 a 23 horas.\u00a0 \u00a1\u00a1\u00a1Te esperamos&#8230;!!!<\/p>\n<p><strong>ESTA ES NUESTRA OFERTA ACAD\u00c9MICA: (link de acceso en cada carrera)<\/strong><\/p>\n<ul>\n<li><a href=\"https:\/\/iescolombia-sal.infd.edu.ar\/sitio\/plan-de-estudios-5\/\"><em><b>PROFESORADO DE EDUCACI\u00d3N PRIMARIA.<\/b><\/em><\/a><\/li>\n<li><em><strong><a href=\"https:\/\/iescolombia-sal.infd.edu.ar\/sitio\/plan-de-estudios-4\/\">PROFESORADO DE DANZAS (ORIENTACI\u00d3N EN FOLCLORE).<\/a>\u00a0<\/strong><\/em><\/li>\n<li><a href=\"https:\/\/iescolombia-sal.infd.edu.ar\/sitio\/profesorado-de-quimica\/\"><em><strong>PROFESORADO DE QU\u00cdMICA.<\/strong><\/em><\/a><\/li>\n<li><a href=\"https:\/\/iescolombia-sal.infd.edu.ar\/sitio\/plan-de-estudios-correlatividades\/\"><em><b>PROFESORADO DE EDUCACI\u00d3N INICIAL.<\/b><\/em><\/a><\/li>\n<\/ul>\n<p><em>\u00a0Te invitamos a navegar en nuestro sitio web, donde podr\u00e1s conocer nuestros dise\u00f1os y planes de estudio para cada carrera.\u00a0\u00a0<span data-mce-mark=\"1\">Este Instituto Superior de Formaci\u00f3n Docente forma parte del sistema de educaci\u00f3n p\u00fablica de gesti\u00f3n estatal.<\/span><\/em> <span data-mce-mark=\"1\"><em>A trav\u00e9s de este sitio en Internet, nuestro Instituto podr\u00e1 comunicar novedades, acercar informaci\u00f3n, compartir experiencias y brindar apoyo y asesoramiento a alumnos, docentes e interesados en formar parte de esta comunidad educativa. Junto con varios cientos de Institutos, integramos la <\/em><em><strong>Red Virtual de Institutos Superiores de Formaci\u00f3n Docente<\/strong><\/em> <\/span>coordinada por el <strong><span data-mce-mark=\"1\">INFD<\/span><\/strong> (Instituto Nacional de Formaci\u00f3n Docente) dependiente del Ministerio de Educaci\u00f3n de la Naci\u00f3n Argentina.<\/p>\n<p style=\"text-align: center;\">__________________________________________________<\/p>\n<p><em>\u00a0<\/em><\/p>\n","protected":false},"excerpt":{"rendered":"<p>\u00a0 \u00a0 \u00a0 \u00a0 \u00a0 \u00a0 \u00a0 \u00a0 \u00a0 \u00a0 \u00a0 \u00a0 \u00a0 \u00a0 \u00a0 \u00a0 \u00a0 \u00a0 Instituto de Educaci\u00f3n Superior N\u00ba6.024 \u00a0\u201cESCUELA NORMAL SUPERIOR REP\u00daBLICA DE COLOMBIA\u201d \u00a0 \u00a0 Rosario de la Frontera &#8211; Salta &#8211; Argentina __________________________________________________________________________________________ &nbsp; &nbsp; Bienvenidos a nuestro sitio Web aqu\u00ed encontraras las ofertas educativas que nuestro instituto &#8230; <a title=\"Inicio\" class=\"read-more\" href=\"https:\/\/iescolombia-sal.infd.edu.ar\/sitio\/\" aria-label=\"More on Inicio\">[+]<\/a><\/p>\n","protected":false},"author":1,"featured_media":0,"parent":0,"menu_order":0,"comment_status":"closed","ping_status":"closed","template":"","meta":[],"acf":[],"_links":{"self":[{"href":"https:\/\/iescolombia-sal.infd.edu.ar\/sitio\/wp-json\/wp\/v2\/pages\/286"}],"collection":[{"href":"https:\/\/iescolombia-sal.infd.edu.ar\/sitio\/wp-json\/wp\/v2\/pages"}],"about":[{"href":"https:\/\/iescolombia-sal.infd.edu.ar\/sitio\/wp-json\/wp\/v2\/types\/page"}],"author":[{"embeddable":true,"href":"https:\/\/iescolombia-sal.infd.edu.ar\/sitio\/wp-json\/wp\/v2\/users\/1"}],"replies":[{"embeddable":true,"href":"https:\/\/iescolombia-sal.infd.edu.ar\/sitio\/wp-json\/wp\/v2\/comments?post=286"}],"version-history":[{"count":134,"href":"https:\/\/iescolombia-sal.infd.edu.ar\/sitio\/wp-json\/wp\/v2\/pages\/286\/revisions"}],"predecessor-version":[{"id":1827,"href":"https:\/\/iescolombia-sal.infd.edu.ar\/sitio\/wp-json\/wp\/v2\/pages\/286\/revisions\/1827"}],"wp:attachment":[{"href":"https:\/\/iescolombia-sal.infd.edu.ar\/sitio\/wp-json\/wp\/v2\/media?parent=286"}],"curies":[{"name":"wp","href":"https:\/\/api.w.org\/{rel}","templated":true}]}}